d = -18 - -25. Let p = d + -6. Let g = -8 + 11. What is the remainder when g is divided by p?
0
Let w = -221 + 268. Calculate the remainder when w is divided by 15.
2
Let j be -2 - -105 - (5 - 6). Let i = -73 + j. Suppose 5*g = b - 0*b - 3, 0 = -b - 2*g + 10. What is the remainder when i is divided by b?
7
Suppose 6*c - 10*c + 128 = 4*q, 38 = q - 5*c. Suppose 15 = -0*y + 5*y, 0 = 3*m - 4*y - 3. Suppose q = m*o - 27. Calculate the remainder when o is divided by 7.
5
Suppose w - 2 = 9. Suppose 2*n - n = 1. Calculate the remainder when w is divided by 3/6*(7 - n).
2
Suppose 0 = -0*f + 4*f - 12. Let r be 4/12 + 8/f. Suppose -3*z = 4*k - 39, -3*k = 2*z - r*z. Calculate the remainder when 70 is divided by z.
7
Calculate the remainder when (-20097)/(-154)*(-4)/(-6) is divided by 23.
18
Suppose -3*c + 294 = -5*l + 56, -3*c + 228 = -3*l. Calculate the remainder when c is divided by 15.
11
Let y(b) be the second derivative of -b**5/20 - b**4/12 - 3*b**2/2 - 8*b. What is the remainder when 58 is divided by y(-3)?
13
Suppose -n = 2, n - 5 = -f - 2. Suppose -2*h + 40 = 4*m, -h + 3*m = -f - 5. Let s = -41 - -87. What is the remainder when s is divided by h?
14
Suppose -3*u + 199 = -7*c + 8*c, c = -5*u + 329. Calculate the remainder when 201 is divided by u.
6
Let b = 1369 + -1354. What is the remainder when b is divided by 5?
0
Suppose 2*g + 2*g = 16. Suppose -g*i - 520 = -12*i. Let w(h) = 3*h**2 - 2*h - 4. What is the remainder when i is divided by w(3)?
14
Let j = -6 - -16. Let s = -9 + j. Let k(w) = 18*w**3 + 2*w**2 - 2*w + 1. Calculate the remainder when 75 is divided by k(s).
18
Calculate the remainder when 0 + (-4)/(-18) + (-10906)/(-171) is divided by 14.
8
Let f(x) = -x - 9. Let s be f(-13). Let w = s - -7. Suppose 0 = 2*t - 31 - w. Calculate the remainder when t is divided by 11.
10
Calculate the remainder when 178 is divided by (-31)/5*(-19 - -9).
54
Let k(l) = 5*l - 48. What is the remainder when (-5283)/(-81) + 2/(-9) is divided by k(13)?
14
Let l(f) be the second derivative of 2*f**3/3 - 7*f**2 + 6*f. Let s be l(4). Suppose 0 = -0*t + s*t - 32. What is the remainder when t is divided by 9?
7
What is the remainder when ((-33)/(-15) - 1)/((-23)/(-345)) is divided by 2/(2/4*1)?
2
Let v be (-206)/6 + 12/9. Let n = v + 52. What is the remainder when 36 is divided by (n/(-5))/((-11)/55)?
17
Let z be 3 - ((-24)/(-16) - (-3)/(-2)). Suppose 0 = z*k - g - 144, -6*k + k + 254 = 3*g. Calculate the remainder when k is divided by 25.
24
Suppose 5*x - f = 760, 2*x - 3*f + 65 = 369. Suppose -3*i = -x - 40. What is the remainder when i is divided by 11?
9
What is the remainder when (2/(-4))/((-44)/4488) is divided by 6?
3
Suppose 0 = -3*p - 5*r + 29, -2*p - 5 = -4*r + 5. What is the remainder when 53 is divided by (-530)/(-40) - p/(-4)?
11
Suppose -6*s = 450 - 816. Calculate the remainder when 101 is divided by s.
40
Let b(f) = -2*f**2 - 29*f + 3. Let n be b(-13). Let j = -15 + n. Calculate the remainder when 106 is divided by j.
25
Let l(y) = -16*y + 25. What is the remainder when l(-1) is divided by 16?
9
What is the remainder when -46*(-7 + 24/4) is divided by 11?
2
Let b = 31 + -41. What is the remainder when 6 is divided by (-3 - 35/b)*10?
1
Let p be (-5)/(-10) - 9/(-4)*-6. Suppose 4*k - 5*y = -2*y + 276, 5*k - 2*y - 338 = 0. What is the remainder when k is divided by (3/((-12)/(-34)))/(p/(-26))?
15
Let r(x) = x**3 - 8*x**2 + 9*x - 11. Let v be r(7). Suppose q + 75 = v*z - 79, -3*z + 164 = q. What is the remainder when z is divided by 8?
5
Let s(b) = -b**2 - 10*b - 4. Let r = 11 - 7. Let k = -3 - r. What is the remainder when s(k) is divided by 10?
7
Suppose -8*a + 327 = -153. What is the remainder when a is divided by 21?
18
Suppose 5*w - 2*w + 3 = 0, 3*w + 969 = 2*x. Suppose 3*j + 2*j + i - x = 0, -i = -4*j + 390. Calculate the remainder when j is divided by 20.
17
Suppose 3*l = 13*l - 40. Suppose -l*w = w - 295. Calculate the remainder when w is divided by 21.
17
Let j = -5258 + 5268. Let h(m) = 16*m + 1. What is the remainder when h(1) is divided by j?
7
Suppose -i + 4 = -68. What is the remainder when i is divided by 25?
22
Let f(u) be the first derivative of u**2/2 + 14*u + 2. Suppose 5*q = 4*q + 3. Calculate the remainder when f(-11) is divided by q.
0
Suppose 2*p = -4*z + 16, -3*z + 6*z - 2*p = 19. Let b = 37 - 14. Calculate the remainder when b is divided by z.
3
Suppose 5*r + d = 2*r + 25, d - 43 = -5*r. Calculate the remainder when 34*1 - 0/(-1) is divided by r.
7
Suppose -l = -2*l - 2*u + 3, -4*u - 24 = -4*l. Suppose -v + 2*v = s + 4, 0 = l*v. Let x = s + 19. Calculate the remainder when 27 is divided by x.
12
What is the remainder when 156 is divided by 16/(-6)*(29 + -35)?
12
Let z = 207 - 197. What is the remainder when 287 is divided by z?
7
Let w be (66 + -2)*(25/10 + -2). Suppose 4*p + 4 = w. Calculate the remainder when 97 is divided by p.
6
Let v(q) = -6*q + 6. Calculate the remainder when 139 is divided by v(-5).
31
Let m = 5 + -7. Let k = 0 - m. Calculate the remainder when k is divided by 6*(-4)/16*(-4)/6.
0
Suppose -5*t = -5*b, 5*t + b - 3*b = 3. Suppose -15 = -2*m - t. Suppose 0*k - 5*k = -135. Calculate the remainder when k is divided by m.
6
Suppose 0*u - 2*u + 62 = 0. Calculate the remainder when u is divided by -2*(-7 + (-98)/(-28)).
3
Let j = -21 + 26. Let m(o) = -o + 22. Calculate the remainder when m(10) is divided by j.
2
Suppose 3 = t, t = 2*v + 62 - 87. Let a = 66 - 39. Calculate the remainder when a is divided by v.
13
Suppose c = 2*a + 20, 20 = 5*c + 2*a - 56. Let w = -70 - -110. Suppose 2*f = 5*r - 158, -f = 2*r + 4*f - w. What is the remainder when r is divided by c?
14
Let o = 605 + -589. What is the remainder when 44 is divided by o?
12
Let z be (56/12)/(-7) - 70/(-6). Suppose z*n - 2*n = 27. What is the remainder when 25 is divided by n?
1
Let q(w) = 8*w**3 - 54*w**2 - 13*w - 5. Let t(z) = -3*z - 9. What is the remainder when t(-6) is divided by q(7)?
1
Let h(r) = r**2 - 11*r + 14. Let l = 77 + -71. What is the remainder when l is divided by h(10)?
2
Let i(p) be the second derivative of -p**3/2 - 13*p**2/2 - 4*p. Let n be i(-8). Suppose 3*a - n = 2*a. What is the remainder when 51 is divided by a?
7
Let c(u) = 4*u**2 + 7*u - 2. Let q be c(-2). Let d(w) = -3*w**2 - w + 11. What is the remainder when d(q) is divided by 10?
1
Suppose -22*a + 10*a = 12. Calculate the remainder when 169 is divided by (-8 - -8)/(a - -2) - -10.
9
Suppose -282 = 6*l - 9*l. Let y = -85 + l. What is the remainder when 17 is divided by y?
8
Let s = 40 - 48. What is the remainder when 41 is divided by s/12*(-99)/3?
19
Suppose 7*p = 9*p - 44. Suppose -48 = -9*n + 5*n. What is the remainder when p is divided by n?
10
Let p(m) = -4*m**2 - 3*m + 1. Let i(q) = -3*q**2 - 2*q + 2. Let f = 5 - 8. Let v(j) = f*i(j) + 2*p(j). Calculate the remainder when 13 is divided by v(-3).
3
Calculate the remainder when (10/8)/((-2)/(-24)) is divided by (-2)/(-21) - (-996)/126.
7
Suppose 0 = -8*y + y + 42. Let d = 158 - 156. What is the remainder when y is divided by d?
0
Let q = 418 + -279. What is the remainder when q is divided by 12?
7
Suppose 0 = -y - 1 + 3. Let g(d) = 3 - 65*d + 64*d**2 + 67*d - y. What is the remainder when g(-1) is divided by 16?
15
Let v = -110 - -172. Calculate the remainder when 118 is divided by v.
56
Suppose -3*z - 2*y + 7*y = -1468, y = z - 486. Calculate the remainder when z is divided by 23.
21
Suppose -2*m + 4*x + 60 = 2*m, 2*x = -5*m + 40. Calculate the remainder when 48 is divided by m.
8
Let x(v) be the first derivative of 2*v**3/3 + 9*v**2/2 - 8*v + 1. Suppose 0*r + 28 = -4*r. What is the remainder when x(r) is divided by 15?
12
Let c(q) = -q**3 + 13*q**2 + q + 16. What is the remainder when c(13) is divided by 12?
5
Let m = -625 - -628. Suppose -8*u + 4*u = -24. What is the remainder when u is divided by m?
0
Let p = 210 - -72. What is the remainder when p is divided by 19?
16
Let j(b) = b - 1. Let z(n) = -8*n + 2. Let x(r) = 3*j(r) + z(r). Let f(v) = -v**2 + 6*v + 3. Calculate the remainder when x(-3) is divided by f(5).
6
Let p = -22 + 73. Suppose -4*i = -4*a + 12, -a - 3*i = i - 18. Calculate the remainder when p is divided by a.
3
Suppose -l = d - 2, 3*d + 2*l - 1 = 1. Let f(h) = -8*h + 5. Calculate the remainder when 